3?
137, 1619
List the prime factors of 174187.
13, 13399
What are the prime factors of 1332003?
3, 444001
What are the prime factors of 5970103?
683, 8741
List the prime factors of 379943.
19, 19997
List the prime factors of 3975859.
1493, 2663
What are the prime factors of 174660?
2, 3, 5, 41, 71
List the prime factors of 31633197.
3, 61, 172859
What are the prime factors of 6194684?
2, 19, 81509
What are the prime factors of 2722277?
41, 67, 991
List the prime factors of 15554078.
2, 2657, 2927
What are the prime factors of 922833?
3, 11393
List the prime factors of 690631.
19, 163, 223
What are the prime factors of 25510190?
2, 5, 47, 54277
List the prime factors of 554996.
2, 13, 821
What are the prime factors of 396404?
2, 113, 877
List the prime factors of 34148224.
2, 11, 79, 307
What are the prime factors of 17335579?
41, 43, 9833
List the prime factors of 369580.
2, 5, 17, 1087
List the prime factors of 374485.
5, 74897
List the prime factors of 11730101.
127, 92363
List the prime factors of 53015.
5, 23, 461
List the prime factors of 633932.
2, 13, 73, 167
What are the prime factors of 23588931?
3, 7862977
What are the prime factors of 227967?
3, 75989
What are the prime factors of 716716?
2, 7, 11, 13, 179
List the prime factors of 183141.
3, 7, 17, 19
What are the prime factors of 111421?
67, 1663
What are the prime factors of 5040721?
7, 17, 42359
What are the prime factors of 875300?
2, 5, 8753
List the prime factors of 10007166.
2, 3, 13, 71, 139
What are the prime factors of 701486?
2, 359, 977
What are the prime factors of 20017531?
1663, 12037
What are the prime factors of 39813039?
3, 7, 1433
List the prime factors of 149188.
2, 13, 19, 151
List the prime factors of 24729910.
2, 5, 1427, 1733
What are the prime factors of 34537645?
5, 157, 43997
List the prime factors of 498328.
2, 167, 373
List the prime factors of 1216927.
29, 1447
List the prime factors of 1174375.
5, 1879
List the prime factors of 4193090.
2, 5, 11, 38119
What are the prime factors of 653608?
2, 81701
What are the prime factors of 116031?
3, 38677
List the prime factors of 113368.
2, 37, 383
List the prime factors of 208395.
3, 5, 11, 421
List the prime factors of 859814.
2, 429907
List the prime factors of 3029564.
2, 239, 3169
What are the prime factors of 446636?
2, 111659
What are the prime factors of 762818?
2, 7, 23, 103
List the prime factors of 2583142.
2, 79, 16349
List the prime factors of 7784156.
2, 71, 27409
What are the prime factors of 20452698?
2, 3, 7, 23189
List the prime factors of 29725.
5, 29, 41
What are the prime factors of 1974083?
347, 5689
List the prime factors of 10128939.
3, 3376313
List the prime factors of 1436901.
3, 478967
List the prime factors of 1428214.
2, 714107
List the prime factors of 483817.
31, 15607
List the prime factors of 951159.
3, 11, 19, 37, 41
List the prime factors of 141509.
141509
List the prime factors of 37475267.
37475267
What are the prime factors of 8106301?
7, 643, 1801
What are the prime factors of 644570?
2, 5, 43, 1499
List the prime factors of 1367143.
23, 59441
List the prime factors of 22901958.
2, 3, 17, 74843
List the prime factors of 6530.
2, 5, 653
List the prime factors of 221022.
2, 3, 4093
What are the prime factors of 1081698?
2, 3, 139, 1297
What are the prime factors of 7768568?
2, 19, 51109
List the prime factors of 255824.
2, 59, 271
What are the prime factors of 5493561?
3, 1831187
What are the prime factors of 70269?
3, 59, 397
What are the prime factors of 1718034?
2, 3, 281, 1019
What are the prime factors of 676279?
676279
List the prime factors of 270189.
3, 10007
List the prime factors of 509782.
2, 7, 13, 2801
List the prime factors of 21742144.
2, 383, 887
List the prime factors of 3176286.
2, 3, 529381
List the prime factors of 32956.
2, 7, 11, 107
List the prime factors of 12205217.
12205217
List the prime factors of 102513.
3, 34171
List the prime factors of 16143963.
3, 11, 31, 43, 367
What are the prime factors of 902882?
2, 451441
List the prime factors of 877647.
3, 292549
List the prime factors of 269796.
2, 3, 22483
List the prime factors of 215321.
197, 1093
What are the prime factors of 430172?
2, 41, 43, 61
List the prime factors of 5737792.
2, 89653
What are the prime factors of 881808?
2, 3, 18371
What are the prime factors of 482794?
2, 13, 31, 599
What are the prime factors of 2537277?
3, 157, 5387
What are the prime factors of 732919?
11, 66629
List the prime factors of 336012.
2, 3, 28001
List the prime factors of 1747686.
2, 3, 163, 1787
List the prime factors of 1167949.
19, 61471
List the prime factors of 7645583.
11, 151, 4603
What are the prime factors of 7661945?
5, 29, 53, 997
List the prime factors of 505388.
2, 13, 9719
What are the prime factors of 16144970?
2, 5, 47, 34351
What are the prime factors of 7312790?
2, 5, 139, 5261
List the prime factors of 361444.
2, 109, 829
What are the prime factors of 373254?
2, 3, 7, 8887
List the prime factors of 8185420.
2, 5, 409271
What are the prime factors of 7623463?
17, 73, 6143
List the prime factors of 24643056.
2, 3, 513397
List the prime factors of 22844221.
23, 827, 1201
List the prime factors of 5809136.
2, 19, 97, 197
List the prime factors of 12423236.
2, 7, 443687
List the prime factors of 8645342.
2, 19, 31, 41, 179
List the prime factors of 20259613.
11, 1841783
What are the prime factors of 189166?
2, 94583
What are the prime factors of 512920?
2, 5, 12823
List the prime factors of 878676.
2, 3, 37, 1979
List the prime factors of 429643.
429643
List the prime factors of 395254.
2, 229, 863
List the prime factors of 249700.
2, 5, 11, 227
What are the prime factors of 1862480?
2, 5, 31, 751
What are the prime factors of 89207?
37, 2411
What are the prime factors of 63427?
7, 13, 17, 41
List the prime factors of 30244170.
2, 3, 5, 11, 37, 2477
List the prime factors of 8246758.
2, 13, 419, 757
List the prime factors of 67955.
5, 13591
What are the prime factors of 36989?
47, 787
List the prime factors of 368037.
3, 43, 317
List the prime factors of 17288187.
3, 7, 283, 2909
List the prime factors of 2709356.
2, 13, 52103
List the prime factors of 1207325.
5, 7, 6899
List the prime factors of 3380475.
3, 5, 7, 47, 137
List the prime factors of 396609.
3, 73, 1811
List the prime factors of 140667.
3, 46889
List the prime factors of 14541074.
2, 37, 196501
What are the prime factors of 3006910?
2, 5, 300691
What are the prime factors of 145546?
2, 61, 1193
What are the prime factors of 434837?
13, 31, 83
List the prime factors of 27748046.
2, 17, 61, 787
List the prime factors of 202055.
5, 7, 23, 251
List the prime factors of 170486.
2, 85243
What are the prime factors of 111733?
111733
List the prime factors of 3026388.
2, 3, 107, 2357
What are the prime factors of 1542511?
1542511
List the prime factors of 10445168.
2, 647, 1009
List the prime factors of 6600678.
2, 3, 7, 23, 6833
List the prime factors of 1137224.
2, 11, 12923
What are the prime factors of 7279813?
7279813
List the prime factors of 234053.
59, 3967
What are the prime factors of 12595?
5, 11, 229
What are the prime factors of 94733?
61, 1553
What are the prime factors of 260024?
2, 32503
What are the prime factors of 11828140?
2, 5, 591407
List the prime factors of 956964.
2, 3, 17, 4691
List the prime factors of 2351533.
2351533
What are the prime factors of 8048541?
3, 1123, 2389
What are the prime factors of 743963?
11, 47, 1439
List the prime factors of 231448.
2, 7, 4133
List the prime factors of 649388.
2, 31, 5237
List the prime factors of 1645103.
277, 5939
What are the prime factors of 3079214?
2, 37, 41611
What are the prime factors of 188724?
2, 3, 15727
List the prime factors of 2603726.
2, 1301863
What are the prime factors of 443413?
443413
What are the prime factors of 1460850?
2, 3, 5, 9739
List the prime factors of 9605291.
2281, 4211
List the prime factors of 10311380.
2, 5, 163, 3163
List the prime factors of 405247.
405247
List the prime factors of 23239491.
3, 11, 31, 22717
List the prime factors of 5212189.
1229, 4241
List the prime factors of 2117242.
2, 23, 46027
List the prime factors of 5266982.
2, 7, 211, 1783
What are the prime factors of 36106?
2, 7, 2579
List the prime factors of 794068.
